{"id":2172,"date":"2021-09-14T14:01:07","date_gmt":"2021-09-14T12:01:07","guid":{"rendered":"http:\/\/www.operalight.se\/?page_id=2172"},"modified":"2025-08-24T19:23:27","modified_gmt":"2025-08-24T17:23:27","slug":"kop-biljetter-har","status":"publish","type":"page","link":"http:\/\/www.operalight.se\/?page_id=2172","title":{"rendered":"Konsert med Grands gourm\u00e9tallrik, servering b\u00f6rjar kl.14.15."},"content":{"rendered":"<p><a href=\"http:\/\/media.operalight.se\/2018\/04\/ulr.jpg\"><img loading=\"lazy\" decoding=\"async\" class=\"alignnone size-full wp-image-1981\" src=\"http:\/\/media.operalight.se\/2018\/04\/ulr.jpg\" alt=\"\" width=\"220\" height=\"187\" \/><\/a><\/p>\n<p><strong>N\u00e4r kristallkronorna t\u00e4nds o guldet glimmar bjuder Spegelsalen in till en kv\u00e4ll av musik och magi. L\u00e5t dig f\u00f6rf\u00f6ras av operans passion, operettens lekfullhet o musikalens stj\u00e4rnglans-framf\u00f6rda av fantastiska solister i en milj\u00f6 d\u00e4r historien m\u00f6ter ny\u00e5rsnattens f\u00f6rv\u00e4ntan. Njut av v\u00e5r fabul\u00f6sa, f\u00e4rgsprakande Ny\u00e5rsgala med p\u00e4rlor ur Operett, Musikal och Opera. Vacker s\u00e5ng, humor, Glitter o Glamour!<br \/>\nAvsluta \u00e5ret med en of\u00f6rgl\u00f6mlig upplevelse!<\/strong><br \/>\nKonsert med Grands gourm\u00e9tallrik\u00a0 o kaffe.<\/p>\n<p>Gourmettallrik :<br \/>\nSkagen med stenbitsrom.<br \/>\nGravad lax med senapskr\u00e4m.<br \/>\nKonjaksgravad oxfil\u00e9 med \u00f6rt majonn\u00e4s.<br \/>\nRostat jord\u00e4rtskocka p\u00e5 en fin salladsb\u00e4dd.<br \/>\nLjummen V\u00e4sterbottenpaj med l\u00f6jrom och cr\u00e8me fraiche.<br \/>\nLitet kuvertbr\u00f6d med sm\u00f6r samt dillslungad kokt potatis.<br \/>\nkaffe p\u00e5 maten.<br \/>\n<strong>OBS! Dryck k\u00f6ps separat\u00a0 innan o under pausen i Str\u00f6mmasalongen<\/strong><\/p>\n<p>Meddela oss om eventuella allergier senast 2 veckor innan konsert.<\/p>\n<p>Servering b\u00f6rjar fr\u00e5n 14.15.<br \/>\nKonsert b\u00f6rjar kl.15.00.<br \/>\n<strong>Ni\u00a0 blir placerade, v\u00e5r personal h\u00e4nvisar er till platser vid ankomst.<\/strong><\/p>\n<p>Konserten \u00e4r ca 2 tim. 20 minuter inkl. paus.<\/p>\n<p><a href=\"http:\/\/media.operalight.se\/2022\/12\/ny2022.webp\"><img loading=\"lazy\" decoding=\"async\" class=\"alignleft size-thumbnail wp-image-2374\" src=\"http:\/\/media.operalight.se\/2022\/12\/ny2022-150x150.webp\" alt=\"\" width=\"150\" height=\"150\" \/><\/a><\/p>\n<p>&nbsp;<\/p>\n<p>&nbsp;<\/p>\n<p>&nbsp;<\/p>\n<p>&nbsp;<\/p>\n","protected":false},"excerpt":{"rendered":"<p>N\u00e4r kristallkronorna t\u00e4nds o guldet glimmar bjuder Spegelsalen in till en kv\u00e4ll av musik och magi. L\u00e5t dig f\u00f6rf\u00f6ras av operans passion, operettens lekfullhet o musikalens stj\u00e4rnglans-framf\u00f6rda av fantastiska solister i en milj\u00f6 d\u00e4r historien m\u00f6ter ny\u00e5rsnattens f\u00f6rv\u00e4ntan. Njut av v\u00e5r fabul\u00f6sa, f\u00e4rgsprakande Ny\u00e5rsgala med p\u00e4rlor ur Operett, Musikal och Opera. Vacker s\u00e5ng, humor, Glitter &hellip; <a href=\"http:\/\/www.operalight.se\/?page_id=2172\" class=\"more-link\">Forts\u00e4tt l\u00e4sa <span class=\"screen-reader-text\">Konsert med Grands gourm\u00e9tallrik, servering b\u00f6rjar kl.14.15.<\/span> <span class=\"meta-nav\">&rarr;<\/span><\/a><\/p>\n","protected":false},"author":2,"featured_media":0,"parent":0,"menu_order":0,"comment_status":"closed","ping_status":"closed","template":"","meta":{"footnotes":""},"class_list":["post-2172","page","type-page","status-publish","hentry"],"_links":{"self":[{"href":"http:\/\/www.operalight.se\/index.php?rest_route=\/wp\/v2\/pages\/2172","targetHints":{"allow":["GET"]}}],"collection":[{"href":"http:\/\/www.operalight.se\/index.php?rest_route=\/wp\/v2\/pages"}],"about":[{"href":"http:\/\/www.operalight.se\/index.php?rest_route=\/wp\/v2\/types\/page"}],"author":[{"embeddable":true,"href":"http:\/\/www.operalight.se\/index.php?rest_route=\/wp\/v2\/users\/2"}],"replies":[{"embeddable":true,"href":"http:\/\/www.operalight.se\/index.php?rest_route=%2Fwp%2Fv2%2Fcomments&post=2172"}],"version-history":[{"count":36,"href":"http:\/\/www.operalight.se\/index.php?rest_route=\/wp\/v2\/pages\/2172\/revisions"}],"predecessor-version":[{"id":2556,"href":"http:\/\/www.operalight.se\/index.php?rest_route=\/wp\/v2\/pages\/2172\/revisions\/2556"}],"wp:attachment":[{"href":"http:\/\/www.operalight.se\/index.php?rest_route=%2Fwp%2Fv2%2Fmedia&parent=2172"}],"curies":[{"name":"wp","href":"https:\/\/api.w.org\/{rel}","templated":true}]}}