{"id":20,"date":"2011-09-28T16:55:05","date_gmt":"2011-09-28T15:55:05","guid":{"rendered":"http:\/\/test.operalight.se\/?page_id=20"},"modified":"2016-09-23T21:28:14","modified_gmt":"2016-09-23T19:28:14","slug":"om-oss","status":"publish","type":"page","link":"https:\/\/www.operalight.se\/?page_id=20","title":{"rendered":"Kontakt"},"content":{"rendered":"<p><a href=\"http:\/\/media.operalight.se\/2011\/09\/E.Joenniemi4-2.jpg\"><img loading=\"lazy\" decoding=\"async\" class=\"alignnone size-thumbnail wp-image-1886\" src=\"http:\/\/media.operalight.se\/2011\/09\/E.Joenniemi4-2-150x150.jpg\" alt=\"e-joenniemi4-2\" width=\"150\" height=\"150\" \/><\/a><\/p>\n<p>Konstn\u00e4rlig ledare: Alla Luks 070 &#8211; 6202870<\/p>\n<p>e-mail: <a href=\"mailto:alla.luks@operalight.eu\">alla.luks@operalight.eu<\/a><\/p>\n<p>Vi\u00a0 driver \u00e4ven\u00a0M\u00e4larh\u00f6jdens Friluftsteater<\/p>\n<p>Mer information h\u00e4r:<\/p>\n<p><a href=\"http:\/\/m\u00e4larh\u00f6jdensfriluftsteater.se\/\" target=\"_blank\">M\u00e4larh\u00f6jdens Friluftsteater<\/a><\/p>\n<p>&nbsp;<\/p>\n<p>&nbsp;<\/p>\n<p><a href=\"http:\/\/media.operalight.se\/2011\/09\/Kurt-2.jpg\"><img loading=\"lazy\" decoding=\"async\" class=\"alignleft size-medium wp-image-973\" src=\"http:\/\/media.operalight.se\/2011\/09\/Kurt-2-224x300.jpg\" alt=\"B\" width=\"224\" height=\"300\" srcset=\"http:\/\/media.operalight.se\/2011\/09\/Kurt-2-224x300.jpg 224w, http:\/\/media.operalight.se\/2011\/09\/Kurt-2-767x1024.jpg 767w\" sizes=\"auto, (max-width: 224px) 100vw, 224px\" \/><\/a><\/p>\n<p>Producent: Curt Luks<\/p>\n<p>070-603 0535<\/p>\n<p>e-mail:\u00a0<a href=\"mailto:curt.luks@priceindx.com\">curt.luks@priceindx.com<\/a><\/p>\n<p>&nbsp;<\/p>\n","protected":false},"excerpt":{"rendered":"<p>Konstn\u00e4rlig ledare: Alla Luks 070 &#8211; 6202870 e-mail: alla.luks@operalight.eu Vi\u00a0 driver \u00e4ven\u00a0M\u00e4larh\u00f6jdens Friluftsteater Mer information h\u00e4r: M\u00e4larh\u00f6jdens Friluftsteater &nbsp; &nbsp; Producent: Curt Luks 070-603 0535 e-mail:\u00a0curt.luks@priceindx.com &nbsp;<\/p>\n","protected":false},"author":1,"featured_media":0,"parent":0,"menu_order":7,"comment_status":"closed","ping_status":"closed","template":"","meta":{"footnotes":""},"class_list":["post-20","page","type-page","status-publish","hentry"],"_links":{"self":[{"href":"https:\/\/www.operalight.se\/index.php?rest_route=\/wp\/v2\/pages\/20","targetHints":{"allow":["GET"]}}],"collection":[{"href":"https:\/\/www.operalight.se\/index.php?rest_route=\/wp\/v2\/pages"}],"about":[{"href":"https:\/\/www.operalight.se\/index.php?rest_route=\/wp\/v2\/types\/page"}],"author":[{"embeddable":true,"href":"https:\/\/www.operalight.se\/index.php?rest_route=\/wp\/v2\/users\/1"}],"replies":[{"embeddable":true,"href":"https:\/\/www.operalight.se\/index.php?rest_route=%2Fwp%2Fv2%2Fcomments&post=20"}],"version-history":[{"count":40,"href":"https:\/\/www.operalight.se\/index.php?rest_route=\/wp\/v2\/pages\/20\/revisions"}],"predecessor-version":[{"id":1887,"href":"https:\/\/www.operalight.se\/index.php?rest_route=\/wp\/v2\/pages\/20\/revisions\/1887"}],"wp:attachment":[{"href":"https:\/\/www.operalight.se\/index.php?rest_route=%2Fwp%2Fv2%2Fmedia&parent=20"}],"curies":[{"name":"wp","href":"https:\/\/api.w.org\/{rel}","templated":true}]}}